{"id":12,"date":"2023-01-25T18:24:01","date_gmt":"2023-01-25T18:24:01","guid":{"rendered":"https:\/\/iluminandomasgente.org\/?page_id=12"},"modified":"2023-02-07T20:47:35","modified_gmt":"2023-02-08T02:47:35","slug":"inicio","status":"publish","type":"page","link":"https:\/\/iluminandomasgente.org\/","title":{"rendered":"Inicio"},"content":{"rendered":"\n<div class=\"wp-block-cover alignfull is-light hestia-clear-top-padding\"><span aria-hidden=\"true\" class=\"wp-block-cover__background has-white-background-color has-background-dim-100 has-background-dim\"><\/span><div class=\"wp-block-cover__inner-container is-layout-flow wp-block-cover-is-layout-flow\">\n<h2 class=\"has-text-align-center has-text-color wp-block-heading\" style=\"color:#3c4858\">UN POCO DE NOSOTROS<\/h2>\n\n\n\n<div style=\"height:40px\" aria-hidden=\"true\" class=\"wp-block-spacer\"><\/div>\n\n\n\n<div class=\"wp-block-columns container is-layout-flex wp-container-core-columns-is-layout-28f84493 wp-block-columns-is-layout-flex\">\n<div class=\"wp-block-column is-layout-flow wp-block-column-is-layout-flow\"><div class=\"wp-block-image\">\n<figure class=\"aligncenter size-large\"><img decoding=\"async\" src=\"https:\/\/iluminandomasgente.org\/wp-content\/themes\/hestia\/assets\/img\/feat1.png\" alt=\"\" class=\"wp-image-70\"\/><\/figure>\n<\/div>\n\n\n<h5 class=\"has-text-align-center has-text-color wp-block-heading\" style=\"color:#3c4858;font-size:18px\">ALGO DE HISTORIA<\/h5>\n\n\n\n<p class=\"has-text-align-center has-text-color\" style=\"color:#999999;font-size:14px\"><em>Se fund\u00f3 el 9 de noviembre de 2015, al conversar con amigos y compa\u00f1eros, que sent\u00edan la misma inquietud de servir y ayudar al gobierno a resolver las necesidades de la sociedad.<\/em><\/p>\n\n\n\n<div style=\"height:25px\" aria-hidden=\"true\" class=\"wp-block-spacer\"><\/div>\n<\/div>\n\n\n\n<div class=\"wp-block-column is-layout-flow wp-block-column-is-layout-flow\"><div class=\"wp-block-image\">\n<figure class=\"aligncenter size-large\"><img decoding=\"async\" src=\"https:\/\/iluminandomasgente.org\/wp-content\/themes\/hestia\/assets\/img\/feat2.png\" alt=\"\" class=\"wp-image-71\"\/><\/figure>\n<\/div>\n\n\n<h5 class=\"has-text-align-center has-text-color wp-block-heading\" style=\"color:#3c4858;font-size:18px\">AVANCES<\/h5>\n\n\n\n<p class=\"has-text-align-center has-text-color\" style=\"color:#999999;font-size:14px\"><em>Hemos logrado pactar m\u00e1s convenios con entidades del gobierno para ayudar a una mayor cantidad de grupos vulnerables. Capacitar a los miembros de la asociaci\u00f3n para identificar los elementos que logren un mayor n\u00famero de proyectos.<\/em><\/p>\n\n\n\n<div style=\"height:25px\" aria-hidden=\"true\" class=\"wp-block-spacer\"><\/div>\n<\/div>\n\n\n\n<div class=\"wp-block-column is-layout-flow wp-block-column-is-layout-flow\"><div class=\"wp-block-image\">\n<figure class=\"aligncenter size-large\"><img decoding=\"async\" src=\"https:\/\/iluminandomasgente.org\/wp-content\/themes\/hestia\/assets\/img\/feat3.png\" alt=\"\" class=\"wp-image-72\"\/><\/figure>\n<\/div>\n\n\n<h5 class=\"has-text-align-center has-text-color wp-block-heading\" style=\"color:#3c4858;font-size:18px\">Algunos logros<\/h5>\n\n\n\n<ul class=\"wp-block-list\">\n<li><em>Operaci\u00f3n de Cataratas.<\/em><em><\/em><\/li>\n\n\n\n<li><em>Aparatos auditivos.<\/em><em><\/em><\/li>\n\n\n\n<li><em>Aparatos ortop\u00e9dicos.<\/em><\/li>\n\n\n\n<li><em>Aula digital para el adulto mayor<\/em><\/li>\n\n\n\n<li><em>Acercamiento de canasta b\u00e1sica la comunidad <\/em><em><\/em><\/li>\n\n\n\n<li><em>Donaci\u00f3n de juguetes a ni\u00f1os en situaci\u00f3n vulnerable<\/em><\/li>\n<\/ul>\n\n\n\n<div style=\"height:25px\" aria-hidden=\"true\" class=\"wp-block-spacer\"><\/div>\n<\/div>\n<\/div>\n\n\n\n<div style=\"height:40px\" aria-hidden=\"true\" class=\"wp-block-spacer\"><\/div>\n<\/div><\/div>\n\n\n\n<div class=\"wp-block-columns container is-layout-flex wp-container-core-columns-is-layout-28f84493 wp-block-columns-is-layout-flex\">\n<div class=\"wp-block-column col-md-5 is-layout-flow wp-block-column-is-layout-flow\">\n<div style=\"height:55px\" aria-hidden=\"true\" class=\"wp-block-spacer\"><\/div>\n\n\n\n<h2 class=\"wp-block-heading\">SOBRE NOSOTROS<\/h2>\n\n\n\n<p><em>La inquietud surge de varios compa\u00f1eros al trabajar con el gobierno en diferentes etapas, y la C. Ma. de la Luz Alfaro, logra cristalizar estos esfuerzos al juntar un grupo de trabajo confiable y comprometido, para ayudar al gobierno con las necesidades de la sociedad.<\/em><\/p>\n<\/div>\n\n\n\n<div class=\"wp-block-column col-md-6 col-md-offset1 is-layout-flow wp-block-column-is-layout-flow\">\n<div style=\"height:55px\" aria-hidden=\"true\" class=\"wp-block-spacer\"><\/div>\n\n\n\n<figure class=\"wp-block-image size-large is-style-default\"><img decoding=\"async\" src=\"https:\/\/iluminandomasgente.org\/wp-content\/themes\/hestia\/assets\/img\/about-content.png\" alt=\"\" class=\"wp-image-81\"\/><\/figure>\n\n\n\n<p><\/p>\n<\/div>\n<\/div>\n","protected":false},"excerpt":{"rendered":"<p>SOBRE NOSOTROS La inquietud surge de varios compa\u00f1eros al trabajar con el gobierno en diferentes etapas, y la C. Ma. de la Luz Alfaro, logra cristalizar estos esfuerzos al juntar un grupo de trabajo confiable y comprometido, para ayudar al gobierno con las necesidades de la sociedad.<\/p>\n","protected":false},"author":1,"featured_media":0,"parent":0,"menu_order":0,"comment_status":"closed","ping_status":"closed","template":"","meta":{"footnotes":""},"class_list":["post-12","page","type-page","status-publish","hentry"],"_links":{"self":[{"href":"https:\/\/iluminandomasgente.org\/index.php?rest_route=\/wp\/v2\/pages\/12","targetHints":{"allow":["GET"]}}],"collection":[{"href":"https:\/\/iluminandomasgente.org\/index.php?rest_route=\/wp\/v2\/pages"}],"about":[{"href":"https:\/\/iluminandomasgente.org\/index.php?rest_route=\/wp\/v2\/types\/page"}],"author":[{"embeddable":true,"href":"https:\/\/iluminandomasgente.org\/index.php?rest_route=\/wp\/v2\/users\/1"}],"replies":[{"embeddable":true,"href":"https:\/\/iluminandomasgente.org\/index.php?rest_route=%2Fwp%2Fv2%2Fcomments&post=12"}],"version-history":[{"count":3,"href":"https:\/\/iluminandomasgente.org\/index.php?rest_route=\/wp\/v2\/pages\/12\/revisions"}],"predecessor-version":[{"id":80,"href":"https:\/\/iluminandomasgente.org\/index.php?rest_route=\/wp\/v2\/pages\/12\/revisions\/80"}],"wp:attachment":[{"href":"https:\/\/iluminandomasgente.org\/index.php?rest_route=%2Fwp%2Fv2%2Fmedia&parent=12"}],"curies":[{"name":"wp","href":"https:\/\/api.w.org\/{rel}","templated":true}]}}